 remainder when 1183 is divided by 420?
343
What is the remainder when 21019 is divided by 20930?
89
Calculate the remainder when 2534 is divided by 34.
18
What is the remainder when 2872 is divided by 353?
48
What is the remainder when 825 is divided by 56?
41
Calculate the remainder when 1500 is divided by 128.
92
Calculate the remainder when 44798 is divided by 66.
50
What is the remainder when 499 is divided by 264?
235
Calculate the remainder when 102472 is divided by 25.
22
Calculate the remainder when 1175357 is divided by 406.
393
What is the remainder when 241650 is divided by 537?
0
What is the remainder when 86815 is divided by 1335?
40
What is the remainder when 49649 is divided by 479?
312
Calculate the remainder when 47773 is divided by 4.
1
What is the remainder when 2759 is divided by 154?
141
What is the remainder when 8478 is divided by 1077?
939
Calculate the remainder when 2464 is divided by 73.
55
What is the remainder when 34942 is divided by 3494?
2
Calculate the remainder when 3076 is divided by 180.
16
Calculate the remainder when 438 is divided by 94.
62
Calculate the remainder when 358436 is divided by 71684.
16
Calculate the remainder when 160767 is divided by 25.
17
What is the remainder when 247705 is divided by 35384?
17
Calculate the remainder when 11565 is divided by 5762.
41
Calculate the remainder when 117728 is divided by 7358.
0
What is the remainder when 34409 is divided by 3440?
9
What is the remainder when 3527 is divided by 1158?
53
Calculate the remainder when 19700 is divided by 616.
604
What is the remainder when 21516 is divided by 13?
1
Calculate the remainder when 62539 is divided by 12492.
79
What is the remainder when 13018 is divided by 6476?
66
What is the remainder when 36700 is divided by 36664?
36
Calculate the remainder when 1283 is divided by 53.
11
What is the remainder when 1020 is divided by 208?
188
What is the remainder when 1049 is divided by 533?
516
Calculate the remainder when 78617 is divided by 217.
63
Calculate the remainder when 2371 is divided by 340.
331
What is the remainder when 21972 is divided by 1806?
300
What is the remainder when 3963 is divided by 110?
3
Calculate the remainder when 8633 is divided by 2799.
236
What is the remainder when 17293 is divided by 1241?
1160
Calculate the remainder when 1098 is divided by 71.
33
Calculate the remainder when 23221 is divided by 222.
133
What is the remainder when 2010 is divided by 407?
382
What is the remainder when 119337 is divided by 59664?
9
Calculate the remainder when 153545 is divided by 21930.
35
Calculate the remainder when 387893 is divided by 1306.
11
Calculate the remainder when 23414 is divided by 3.
2
Calculate the remainder when 12901 is divided by 432.
373
What is the remainder when 1706158 is divided by 16?
14
What is the remainder when 3223 is divided by 92?
3
What is the remainder when 4979 is divided by 84?
23
Calculate the remainder when 392911 is divided by 196448.
15
Calculate the remainder when 11337 is divided by 11.
7
Calculate the remainder when 49868 is divided by 22.
16
What is the remainder when 3596 is divided by 255?
26
What is the remainder when 3954 is divided by 2683?
1271
Calculate the remainder when 521008 is divided by 18.
16
What is the remainder when 35760 is divided by 3970?
30
What is the remainder when 45528 is divided by 7587?
6
What is the remainder when 83269 is divided by 40?
29
Calculate the remainder when 10808 is divided by 17.
13
Calculate the remainder when 3724 is divided by 309.
16
What is the remainder when 1133689 is divided by 215?
209
What is the remainder when 4286 is divided by 4267?
19
Calculate the remainder when 175107 is divided by 126.
93
What is the remainder when 818562 is divided by 363?
360
What is the remainder when 1893 is divided by 488?
429
What is the remainder when 5276 is divided by 1142?
708
What is the remainder when 193911 is divided by 5?
1
Calculate the remainder when 3682 is divided by 3436.
246
What is the remainder when 29780 is divided by 13?
10
What is the remainder when 7280 is divided by 598?
104
Calculate the remainder when 13570 is divided by 6729.
112
Calculate the remainder when 1213568 is divided by 307.
304
Calculate the remainder when 30508 is divided by 9941.
685
Calculate the remainder when 729 is divided by 282.
165
Calculate the remainder when 1454 is divided by 159.
23
What is the remainder when 9098 is divided by 9060?
38
What is the remainder when 18231 is divided by 18219?
12
What is the remainder when 41677 is divided by 41611?
66
What is the remainder when 224240 is divided by 1466?
1408
Calculate the remainder when 153823 is divided by 38.
37
Calculate the remainder when 460748 is divided by 87.
83
Calculate the remainder when 27449 is divided by 350.
149
Calculate the remainder when 25292 is divided by 93.
89
What is the remainder when 10175 is divided by 61?
49
What is the remainder when 22002 is divided by 51?
21
What is the remainder when 216212 is divided by 467?
458
Calculate the remainder when 2071 is divided by 9.
1
Calculate the remainder when 524676 is divided by 25.
1
What is the remainder when 11850 is divided by 12?
6
Calculate the remainder when 9866 is divided by 452.
374
What is the remainder when 2156 is divided by 90?
86
Calculate the remainder when 134973 is divided by 14.
13
What is the remainder when 5357 is divided by 1470?
947
Calculate the remainder when 68028 is divided by 226.
2
What is the remainder when 171281 is divided by 1250?
31
Calculate the remainder when 4956 is divided by 2191.
574
What is the remainder when 76515 is divided by 356?
331
What is the remainder when 24996 is divided by 8329?
9
What is the remainder when 137924 is divided by 137874?
50
Calculate the remainder when 27177 is divided by 45.
42
Calculate the remainder when 91590 is divided by 200.
190
What is the remainder when 56329 is divided by 7039?
17
Calculate the remainder when 57815 is divided by 17.
15
Calculate the remainder when 348 is divided by 103.
39
What is the remainder when 15327 is divided by 14?
11
What is the remainder when 18449 is divided by 1512?
305
What is the remainder when 515 is divided by 186?
143
What is the remainder when 25498 is divided by 1958?
44
What is the remainder when 966167 is divided by 9290?
7
Calculate the remainder when 237313 is divided by 23.
22
What is the remainder when 19552 is divided by 65?
52
Calculate the remainder when 20263 is divided by 20241.
22
Calculate the remainder when 320182 is divided by 261.
196
What is the remainder when 3034 is divided by 47?
26
What is the remainder when 14008 is divided by 46?
24
Calculate the remainder when 10388 is divided by 271.
90
Calculate the remainder when 7023 is divided by 400.
223
Calculate the remainder when 36294 is divided by 12.
6
What is the remainder when 883434 is divided by 31?
27
Calculate the remainder when 3884 is divided by 177.
167
What is the remainder when 5370 is divided by 63?
15
Calculate the remainder when 5238 is divided by 26.
12
Calculate the remainder when 44102 is divided by 7348.
14
What is the remainder when 15957 is divided by 70?
67
Calculate the remainder when 19091 is divided by 89.
45
Calculate the remainder when 1019 is divided by 169.
5
What is the remainder when 32575 is divided by 6353?
810
What is the remainder when 364778 is divided by 112?
106
What is the remainder when 537758 is divided by 7?
4
What is the remainder when 6948 is divided by 6906?
42
What is the remainder when 747 is divided by 41?
9
What is the remainder when 3461 is divided by 575?
11
What is the remainder when 21980 is divided by 243?
110
Calculate the remainder when 40794 is divided by 199.
198
Calculate the remainder when 31273 is divided by 15.
13
Calculate the remainder when 777207 is divided by 21.
18
What is the remainder when 376951 is divided by 49?
43
What is the remainder when 12092139 is divided by 314?
313
What is the remainder when 93290 is divided by 889?
834
Calculate the remainder when 416473 is divided by 75.
73
What is the remainder when 1489 is divided by 1480?
9
Calculate the remainder when 5873 is divided by 151.
135
Calculate the remainder when 33242 is divided by 1.
0
What is the remainder when